{"id":2792,"date":"2026-04-13T18:52:22","date_gmt":"2026-04-13T18:52:22","guid":{"rendered":"https:\/\/zawodykarpiowe.pl\/?page_id=2792"},"modified":"2026-04-13T18:52:22","modified_gmt":"2026-04-13T18:52:22","slug":"world-carp-classic-wyniki-jezioro-wygonin-2025","status":"publish","type":"page","link":"https:\/\/zawodykarpiowe.pl\/index.php\/world-carp-classic-wyniki-jezioro-wygonin-2025\/","title":{"rendered":"World Carp Classic &#8211; Wyniki &#8211; Jezioro Wygonin 2025"},"content":{"rendered":"\t\t<div data-elementor-type=\"wp-page\" data-elementor-id=\"2792\" class=\"elementor elementor-2792\" data-elementor-post-type=\"page\">\n\t\t\t\t<div class=\"elementor-element elementor-element-14b75cc e-flex e-con-boxed e-con e-parent\" data-id=\"14b75cc\" data-element_type=\"container\" data-e-type=\"container\" data-settings=\"{&quot;background_background&quot;:&quot;classic&quot;}\">\n\t\t\t\t\t<div class=\"e-con-inner\">\n\t\t\t\t<div class=\"elementor-element elementor-element-eb80bd2 elementor-widget elementor-widget-image\" data-id=\"eb80bd2\" data-element_type=\"widget\" data-e-type=\"widget\" data-widget_type=\"image.default\">\n\t\t\t\t<div class=\"elementor-widget-container\">\n\t\t\t\t\t\t\t\t\t\t\t\t\t\t\t\t<a href=\"http:\/\/zawodykarpiowe.pl\/wp-content\/uploads\/2024\/04\/Screenshot-2024-04-05-113159.png\" data-elementor-open-lightbox=\"yes\" data-elementor-lightbox-title=\"Screenshot 2024-04-05 113159\" data-e-action-hash=\"#elementor-action%3Aaction%3Dlightbox%26settings%3DeyJpZCI6MTUzNCwidXJsIjoiaHR0cHM6XC9cL3phd29keWthcnBpb3dlLnBsXC93cC1jb250ZW50XC91cGxvYWRzXC8yMDI0XC8wNFwvU2NyZWVuc2hvdC0yMDI0LTA0LTA1LTExMzE1OS5wbmcifQ%3D%3D\">\n\t\t\t\t\t\t\t<img fetchpriority=\"high\" decoding=\"async\" width=\"1583\" height=\"1119\" src=\"https:\/\/zawodykarpiowe.pl\/wp-content\/uploads\/2024\/04\/Screenshot-2024-04-05-113159.png\" class=\"attachment-full size-full wp-image-1534\" alt=\"\" srcset=\"https:\/\/zawodykarpiowe.pl\/wp-content\/uploads\/2024\/04\/Screenshot-2024-04-05-113159.png 1583w, https:\/\/zawodykarpiowe.pl\/wp-content\/uploads\/2024\/04\/Screenshot-2024-04-05-113159-300x212.png 300w, https:\/\/zawodykarpiowe.pl\/wp-content\/uploads\/2024\/04\/Screenshot-2024-04-05-113159-1024x724.png 1024w, https:\/\/zawodykarpiowe.pl\/wp-content\/uploads\/2024\/04\/Screenshot-2024-04-05-113159-768x543.png 768w, https:\/\/zawodykarpiowe.pl\/wp-content\/uploads\/2024\/04\/Screenshot-2024-04-05-113159-1536x1086.png 1536w\" sizes=\"(max-width: 1583px) 100vw, 1583px\" \/>\t\t\t\t\t\t\t\t<\/a>\n\t\t\t\t\t\t\t\t\t\t\t\t\t\t\t<\/div>\n\t\t\t\t<\/div>\n\t\t\t\t\t<\/div>\n\t\t\t\t<\/div>\n\t\t<div class=\"elementor-element elementor-element-67eb57c e-flex e-con-boxed e-con e-parent\" data-id=\"67eb57c\" data-element_type=\"container\" data-e-type=\"container\" data-settings=\"{&quot;background_background&quot;:&quot;classic&quot;}\">\n\t\t\t\t\t<div class=\"e-con-inner\">\n\t\t<div class=\"elementor-element elementor-element-9a583ea e-con-full e-flex e-con e-child\" data-id=\"9a583ea\" data-element_type=\"container\" data-e-type=\"container\">\n\t\t\t\t<div class=\"elementor-element elementor-element-a564255 elementor-widget__width-inherit elementor-widget elementor-widget-heading\" data-id=\"a564255\" data-element_type=\"widget\" data-e-type=\"widget\" data-widget_type=\"heading.default\">\n\t\t\t\t<div class=\"elementor-widget-container\">\n\t\t\t\t\t<h2 class=\"elementor-heading-title elementor-size-default\">Klasyfikacja Generalna<\/h2>\t\t\t\t<\/div>\n\t\t\t\t<\/div>\n\t\t\t\t<\/div>\n\t\t<div class=\"elementor-element elementor-element-9ed978b e-con-full e-flex e-con e-child\" data-id=\"9ed978b\" data-element_type=\"container\" data-e-type=\"container\">\n\t\t<div class=\"elementor-element elementor-element-f4bdebe e-con-full e-flex e-con e-child\" data-id=\"f4bdebe\" data-element_type=\"container\" data-e-type=\"container\">\n\t\t<div class=\"elementor-element elementor-element-b51a820 e-con-full e-flex e-con e-child\" data-id=\"b51a820\" data-element_type=\"container\" data-e-type=\"container\">\n\t\t\t\t<div class=\"elementor-element elementor-element-c445dbf elementor-widget__width-initial elementor-widget elementor-widget-html\" data-id=\"c445dbf\" data-element_type=\"widget\" data-e-type=\"widget\" data-widget_type=\"html.default\">\n\t\t\t\t<div class=\"elementor-widget-container\">\n\t\t\t\t\t<iframe height=\"900\" src=\"https:\/\/docs.google.com\/spreadsheets\/d\/e\/2PACX-1vSLlBsi4Ib3LzlrtQunZHq_p1Mn4QY_hO5kWSnPj7PvIcPtd05ytsrdOWsJXOzWVA\/pubhtml?gid=1721995763&amp;single=true&amp;widget=true&amp;headers=false\"><\/iframe>\t\t\t\t<\/div>\n\t\t\t\t<\/div>\n\t\t\t\t<\/div>\n\t\t<div class=\"elementor-element elementor-element-1fca57c e-con-full e-flex e-con e-child\" data-id=\"1fca57c\" data-element_type=\"container\" data-e-type=\"container\">\n\t\t\t\t<div class=\"elementor-element elementor-element-85d9946 elementor-widget elementor-widget-image\" data-id=\"85d9946\" data-element_type=\"widget\" data-e-type=\"widget\" data-widget_type=\"image.default\">\n\t\t\t\t<div class=\"elementor-widget-container\">\n\t\t\t\t\t\t\t\t\t\t\t\t\t\t\t\t<a href=\"https:\/\/ridgemonkey.co.uk\">\n\t\t\t\t\t\t\t<img decoding=\"async\" width=\"800\" height=\"160\" src=\"https:\/\/zawodykarpiowe.pl\/wp-content\/uploads\/2023\/10\/RidgeMonkey-Logo-1024x205.png\" class=\"attachment-large size-large wp-image-200\" alt=\"\" srcset=\"https:\/\/zawodykarpiowe.pl\/wp-content\/uploads\/2023\/10\/RidgeMonkey-Logo-1024x205.png 1024w, https:\/\/zawodykarpiowe.pl\/wp-content\/uploads\/2023\/10\/RidgeMonkey-Logo-300x60.png 300w, https:\/\/zawodykarpiowe.pl\/wp-content\/uploads\/2023\/10\/RidgeMonkey-Logo-768x153.png 768w, https:\/\/zawodykarpiowe.pl\/wp-content\/uploads\/2023\/10\/RidgeMonkey-Logo-1536x307.png 1536w, https:\/\/zawodykarpiowe.pl\/wp-content\/uploads\/2023\/10\/RidgeMonkey-Logo-2048x409.png 2048w\" sizes=\"(max-width: 800px) 100vw, 800px\" \/>\t\t\t\t\t\t\t\t<\/a>\n\t\t\t\t\t\t\t\t\t\t\t\t\t\t\t<\/div>\n\t\t\t\t<\/div>\n\t\t\t\t<div class=\"elementor-element elementor-element-fbed655 elementor-widget__width-inherit elementor-widget elementor-widget-heading\" data-id=\"fbed655\" data-element_type=\"widget\" data-e-type=\"widget\" data-widget_type=\"heading.default\">\n\t\t\t\t<div class=\"elementor-widget-container\">\n\t\t\t\t\t<h2 class=\"elementor-heading-title elementor-size-default\"><a href=\"https:\/\/docs.google.com\/spreadsheets\/d\/12w4PtKlnrjQzu_QYt37TAgfNrS0WIv2I\/edit?usp=sharing&#038;ouid=109002078463547737353&#038;rtpof=true&#038;sd=true\">Je\u017celi wyniki nie wy\u015bwietlaj\u0105 si\u0119 poprawnie, kliknij tutaj<\/a><\/h2>\t\t\t\t<\/div>\n\t\t\t\t<\/div>\n\t\t\t\t<div class=\"elementor-element elementor-element-74fd981 elementor-widget__width-inherit elementor-widget elementor-widget-heading\" data-id=\"74fd981\" data-element_type=\"widget\" data-e-type=\"widget\" data-widget_type=\"heading.default\">\n\t\t\t\t<div class=\"elementor-widget-container\">\n\t\t\t\t\t<h2 class=\"elementor-heading-title elementor-size-default\">Kliknij w logo, aby sprawdzi\u0107 wyniki danego sektora<\/h2>\t\t\t\t<\/div>\n\t\t\t\t<\/div>\n\t\t\t\t<div class=\"elementor-element elementor-element-383ff3d elementor-widget elementor-widget-image\" data-id=\"383ff3d\" data-element_type=\"widget\" data-e-type=\"widget\" data-widget_type=\"image.default\">\n\t\t\t\t<div class=\"elementor-widget-container\">\n\t\t\t\t\t\t\t\t\t\t\t\t\t\t\t\t<a href=\"https:\/\/zawodykarpiowe.pl\/index.php\/world-carp-classic-wyniki-jezioro-wygonin-czerwiec-2025-massive-baits\/\" target=\"_blank\">\n\t\t\t\t\t\t\t<img decoding=\"async\" width=\"800\" height=\"183\" src=\"https:\/\/zawodykarpiowe.pl\/wp-content\/uploads\/2023\/11\/258230181_625338775162242_7051101100400328405_n-1-1024x234.png\" class=\"attachment-large size-large wp-image-324\" alt=\"\" srcset=\"https:\/\/zawodykarpiowe.pl\/wp-content\/uploads\/2023\/11\/258230181_625338775162242_7051101100400328405_n-1-1024x234.png 1024w, https:\/\/zawodykarpiowe.pl\/wp-content\/uploads\/2023\/11\/258230181_625338775162242_7051101100400328405_n-1-300x69.png 300w, https:\/\/zawodykarpiowe.pl\/wp-content\/uploads\/2023\/11\/258230181_625338775162242_7051101100400328405_n-1-768x176.png 768w, https:\/\/zawodykarpiowe.pl\/wp-content\/uploads\/2023\/11\/258230181_625338775162242_7051101100400328405_n-1-1536x351.png 1536w, https:\/\/zawodykarpiowe.pl\/wp-content\/uploads\/2023\/11\/258230181_625338775162242_7051101100400328405_n-1-2048x468.png 2048w\" sizes=\"(max-width: 800px) 100vw, 800px\" \/>\t\t\t\t\t\t\t\t<\/a>\n\t\t\t\t\t\t\t\t\t\t\t\t\t\t\t<\/div>\n\t\t\t\t<\/div>\n\t\t\t\t<div class=\"elementor-element elementor-element-0e91e29 elementor-widget elementor-widget-image\" data-id=\"0e91e29\" data-element_type=\"widget\" data-e-type=\"widget\" data-widget_type=\"image.default\">\n\t\t\t\t<div class=\"elementor-widget-container\">\n\t\t\t\t\t\t\t\t\t\t\t\t\t\t\t\t<a href=\"https:\/\/zawodykarpiowe.pl\/index.php\/world-carp-classic-wyniki-jezioro-wygonin-czerwiec-2025-carp-old-school\/\" target=\"_blank\">\n\t\t\t\t\t\t\t<img loading=\"lazy\" decoding=\"async\" width=\"1500\" height=\"1499\" src=\"https:\/\/zawodykarpiowe.pl\/wp-content\/uploads\/2023\/11\/CARP-OLD-SCHOOL-logo-czarne-kolo.png\" class=\"attachment-full size-full wp-image-381\" alt=\"\" srcset=\"https:\/\/zawodykarpiowe.pl\/wp-content\/uploads\/2023\/11\/CARP-OLD-SCHOOL-logo-czarne-kolo.png 1500w, https:\/\/zawodykarpiowe.pl\/wp-content\/uploads\/2023\/11\/CARP-OLD-SCHOOL-logo-czarne-kolo-300x300.png 300w, https:\/\/zawodykarpiowe.pl\/wp-content\/uploads\/2023\/11\/CARP-OLD-SCHOOL-logo-czarne-kolo-1024x1024.png 1024w, https:\/\/zawodykarpiowe.pl\/wp-content\/uploads\/2023\/11\/CARP-OLD-SCHOOL-logo-czarne-kolo-150x150.png 150w, https:\/\/zawodykarpiowe.pl\/wp-content\/uploads\/2023\/11\/CARP-OLD-SCHOOL-logo-czarne-kolo-768x767.png 768w\" sizes=\"(max-width: 1500px) 100vw, 1500px\" \/>\t\t\t\t\t\t\t\t<\/a>\n\t\t\t\t\t\t\t\t\t\t\t\t\t\t\t<\/div>\n\t\t\t\t<\/div>\n\t\t\t\t<div class=\"elementor-element elementor-element-f9e0d6c elementor-widget elementor-widget-image\" data-id=\"f9e0d6c\" data-element_type=\"widget\" data-e-type=\"widget\" data-widget_type=\"image.default\">\n\t\t\t\t<div class=\"elementor-widget-container\">\n\t\t\t\t\t\t\t\t\t\t\t\t\t\t\t\t<a href=\"https:\/\/zawodykarpiowe.pl\/index.php\/world-carp-classic-wyniki-jezioro-wygonin-czerwiec-2025-ekobaits\/\" target=\"_blank\">\n\t\t\t\t\t\t\t<img loading=\"lazy\" decoding=\"async\" width=\"2754\" height=\"554\" src=\"https:\/\/zawodykarpiowe.pl\/wp-content\/uploads\/2023\/11\/Eko.png\" class=\"attachment-full size-full wp-image-325\" alt=\"\" srcset=\"https:\/\/zawodykarpiowe.pl\/wp-content\/uploads\/2023\/11\/Eko.png 2754w, https:\/\/zawodykarpiowe.pl\/wp-content\/uploads\/2023\/11\/Eko-300x60.png 300w, https:\/\/zawodykarpiowe.pl\/wp-content\/uploads\/2023\/11\/Eko-1024x206.png 1024w, https:\/\/zawodykarpiowe.pl\/wp-content\/uploads\/2023\/11\/Eko-768x154.png 768w, https:\/\/zawodykarpiowe.pl\/wp-content\/uploads\/2023\/11\/Eko-1536x309.png 1536w, https:\/\/zawodykarpiowe.pl\/wp-content\/uploads\/2023\/11\/Eko-2048x412.png 2048w\" sizes=\"(max-width: 2754px) 100vw, 2754px\" \/>\t\t\t\t\t\t\t\t<\/a>\n\t\t\t\t\t\t\t\t\t\t\t\t\t\t\t<\/div>\n\t\t\t\t<\/div>\n\t\t\t\t<div class=\"elementor-element elementor-element-e10f056 elementor-widget elementor-widget-image\" data-id=\"e10f056\" data-element_type=\"widget\" data-e-type=\"widget\" data-widget_type=\"image.default\">\n\t\t\t\t<div class=\"elementor-widget-container\">\n\t\t\t\t\t\t\t\t\t\t\t\t\t\t\t\t<a href=\"https:\/\/zawodykarpiowe.pl\/index.php\/world-carp-classic-wyniki-jezioro-wygonin-czerwiec-2025-srubas-baits\/\" target=\"_blank\">\n\t\t\t\t\t\t\t<img loading=\"lazy\" decoding=\"async\" width=\"3000\" height=\"2447\" src=\"https:\/\/zawodykarpiowe.pl\/wp-content\/uploads\/2023\/11\/Zasob-3-Kopia.png\" class=\"attachment-full size-full wp-image-329\" alt=\"\" srcset=\"https:\/\/zawodykarpiowe.pl\/wp-content\/uploads\/2023\/11\/Zasob-3-Kopia.png 3000w, https:\/\/zawodykarpiowe.pl\/wp-content\/uploads\/2023\/11\/Zasob-3-Kopia-300x245.png 300w, https:\/\/zawodykarpiowe.pl\/wp-content\/uploads\/2023\/11\/Zasob-3-Kopia-1024x835.png 1024w, https:\/\/zawodykarpiowe.pl\/wp-content\/uploads\/2023\/11\/Zasob-3-Kopia-768x626.png 768w, https:\/\/zawodykarpiowe.pl\/wp-content\/uploads\/2023\/11\/Zasob-3-Kopia-1536x1253.png 1536w, https:\/\/zawodykarpiowe.pl\/wp-content\/uploads\/2023\/11\/Zasob-3-Kopia-2048x1670.png 2048w\" sizes=\"(max-width: 3000px) 100vw, 3000px\" \/>\t\t\t\t\t\t\t\t<\/a>\n\t\t\t\t\t\t\t\t\t\t\t\t\t\t\t<\/div>\n\t\t\t\t<\/div>\n\t\t\t\t<\/div>\n\t\t\t\t<\/div>\n\t\t\t\t<\/div>\n\t\t\t\t\t<\/div>\n\t\t\t\t<\/div>\n\t\t<div class=\"elementor-element elementor-element-6c01a9a e-flex e-con-boxed e-con e-parent\" data-id=\"6c01a9a\" data-element_type=\"container\" data-e-type=\"container\" data-settings=\"{&quot;background_background&quot;:&quot;classic&quot;}\">\n\t\t\t\t\t<div class=\"e-con-inner\">\n\t\t\t\t<div class=\"elementor-element elementor-element-e957252 elementor-widget__width-inherit elementor-widget elementor-widget-heading\" data-id=\"e957252\" data-element_type=\"widget\" data-e-type=\"widget\" data-widget_type=\"heading.default\">\n\t\t\t\t<div class=\"elementor-widget-container\">\n\t\t\t\t\t<h2 class=\"elementor-heading-title elementor-size-default\">Fish Log<\/h2>\t\t\t\t<\/div>\n\t\t\t\t<\/div>\n\t\t<div class=\"elementor-element elementor-element-8eb6edf e-con-full e-flex e-con e-child\" data-id=\"8eb6edf\" data-element_type=\"container\" data-e-type=\"container\">\n\t\t\t\t<div class=\"elementor-element elementor-element-4bad919 elementor-widget__width-initial elementor-widget-mobile__width-inherit elementor-widget elementor-widget-html\" data-id=\"4bad919\" data-element_type=\"widget\" data-e-type=\"widget\" data-widget_type=\"html.default\">\n\t\t\t\t<div class=\"elementor-widget-container\">\n\t\t\t\t\t<iframe height=\"400\" src=\"https:\/\/docs.google.com\/spreadsheets\/d\/e\/2PACX-1vSLlBsi4Ib3LzlrtQunZHq_p1Mn4QY_hO5kWSnPj7PvIcPtd05ytsrdOWsJXOzWVA\/pubhtml?gid=1938717686&amp;single=true&amp;widget=true&amp;headers=false\"><\/iframe>\t\t\t\t<\/div>\n\t\t\t\t<\/div>\n\t\t\t\t<\/div>\n\t\t\t\t\t<\/div>\n\t\t\t\t<\/div>\n\t\t<div class=\"elementor-element elementor-element-450b0cf e-flex e-con-boxed e-con e-parent\" data-id=\"450b0cf\" data-element_type=\"container\" data-e-type=\"container\" data-settings=\"{&quot;background_background&quot;:&quot;classic&quot;}\">\n\t\t\t\t\t<div class=\"e-con-inner\">\n\t\t\t\t<div class=\"elementor-element elementor-element-6f73508 elementor-widget__width-inherit elementor-widget elementor-widget-heading\" data-id=\"6f73508\" data-element_type=\"widget\" data-e-type=\"widget\" data-widget_type=\"heading.default\">\n\t\t\t\t<div class=\"elementor-widget-container\">\n\t\t\t\t\t<h2 class=\"elementor-heading-title elementor-size-default\">Statystyki<\/h2>\t\t\t\t<\/div>\n\t\t\t\t<\/div>\n\t\t<div class=\"elementor-element elementor-element-b91bfbe e-flex e-con-boxed e-con e-child\" data-id=\"b91bfbe\" data-element_type=\"container\" data-e-type=\"container\">\n\t\t\t\t\t<div class=\"e-con-inner\">\n\t\t\t\t<div class=\"elementor-element elementor-element-9c662d6 elementor-widget__width-initial elementor-widget elementor-widget-html\" data-id=\"9c662d6\" data-element_type=\"widget\" data-e-type=\"widget\" data-widget_type=\"html.default\">\n\t\t\t\t<div class=\"elementor-widget-container\">\n\t\t\t\t\t<iframe height=\"1000\" src=\"https:\/\/docs.google.com\/spreadsheets\/d\/e\/2PACX-1vSLlBsi4Ib3LzlrtQunZHq_p1Mn4QY_hO5kWSnPj7PvIcPtd05ytsrdOWsJXOzWVA\/pubhtml?gid=1975323644&amp;single=true&amp;widget=true&amp;headers=false\"><\/iframe>\t\t\t\t<\/div>\n\t\t\t\t<\/div>\n\t\t\t\t\t<\/div>\n\t\t\t\t<\/div>\n\t\t\t\t\t<\/div>\n\t\t\t\t<\/div>\n\t\t\t\t<\/div>\n\t\t","protected":false},"excerpt":{"rendered":"<p>Klasyfikacja Generalna Je\u017celi wyniki nie wy\u015bwietlaj\u0105 si\u0119 poprawnie, kliknij tutaj Kliknij w logo, aby sprawdzi\u0107 wyniki danego sektora Fish Log Statystyki<\/p>\n","protected":false},"author":1,"featured_media":0,"parent":0,"menu_order":0,"comment_status":"closed","ping_status":"closed","template":"elementor_header_footer","meta":{"_exactmetrics_skip_tracking":false,"_exactmetrics_sitenote_active":false,"_exactmetrics_sitenote_note":"","_exactmetrics_sitenote_category":0,"footnotes":""},"class_list":["post-2792","page","type-page","status-publish","hentry"],"_links":{"self":[{"href":"https:\/\/zawodykarpiowe.pl\/index.php\/wp-json\/wp\/v2\/pages\/2792","targetHints":{"allow":["GET"]}}],"collection":[{"href":"https:\/\/zawodykarpiowe.pl\/index.php\/wp-json\/wp\/v2\/pages"}],"about":[{"href":"https:\/\/zawodykarpiowe.pl\/index.php\/wp-json\/wp\/v2\/types\/page"}],"author":[{"embeddable":true,"href":"https:\/\/zawodykarpiowe.pl\/index.php\/wp-json\/wp\/v2\/users\/1"}],"replies":[{"embeddable":true,"href":"https:\/\/zawodykarpiowe.pl\/index.php\/wp-json\/wp\/v2\/comments?post=2792"}],"version-history":[{"count":1,"href":"https:\/\/zawodykarpiowe.pl\/index.php\/wp-json\/wp\/v2\/pages\/2792\/revisions"}],"predecessor-version":[{"id":2793,"href":"https:\/\/zawodykarpiowe.pl\/index.php\/wp-json\/wp\/v2\/pages\/2792\/revisions\/2793"}],"wp:attachment":[{"href":"https:\/\/zawodykarpiowe.pl\/index.php\/wp-json\/wp\/v2\/media?parent=2792"}],"curies":[{"name":"wp","href":"https:\/\/api.w.org\/{rel}","templated":true}]}}